or of 435314 and 2105.
421
What is the greatest common divisor of 60 and 60372?
12
Calculate the greatest common divisor of 3680 and 42090.
230
What is the highest common factor of 153 and 66521?
17
Calculate the greatest common factor of 15717 and 43059.
93
Calculate the highest common divisor of 87 and 20532.
87
Calculate the highest common factor of 1292 and 1406.
38
What is the greatest common factor of 264 and 545864?
88
Calculate the greatest common factor of 493956 and 36.
36
What is the greatest common factor of 3360 and 279608?
56
Calculate the highest common divisor of 22 and 2457521.
11
What is the highest common divisor of 205 and 7667?
41
Calculate the greatest common divisor of 7143 and 753.
3
Calculate the greatest common divisor of 6 and 61216.
2
What is the highest common divisor of 13247 and 143?
13
What is the greatest common divisor of 632 and 46610?
158
What is the highest common divisor of 205 and 3308495?
205
What is the highest common divisor of 12154 and 6798?
206
Calculate the greatest common divisor of 784854 and 126.
126
Calculate the greatest common factor of 70848 and 3444.
492
What is the greatest common factor of 180 and 3204?
36
Calculate the highest common factor of 6 and 82364.
2
What is the highest common divisor of 265765 and 230?
115
What is the highest common factor of 42658 and 57616?
554
Calculate the greatest common divisor of 11729 and 57694.
317
Calculate the greatest common divisor of 288 and 5504.
32
What is the greatest common divisor of 45701 and 2576?
23
Calculate the greatest common factor of 700 and 1805650.
350
What is the greatest common divisor of 240 and 73860?
60
What is the highest common factor of 31707 and 52?
13
What is the highest common divisor of 112217 and 483?
161
What is the greatest common factor of 1688 and 356?
4
What is the highest common factor of 4380 and 24236?
292
What is the greatest common divisor of 77062 and 2385?
53
Calculate the greatest common factor of 1888 and 26464.
32
Calculate the highest common factor of 2703 and 1173.
51
What is the highest common factor of 1815 and 103125?
165
Calculate the highest common divisor of 8780 and 80.
20
What is the greatest common factor of 3471296 and 7430?
1486
What is the greatest common divisor of 96906 and 372?
186
Calculate the greatest common factor of 3240 and 104409.
81
What is the highest common factor of 462 and 170632?
154
What is the greatest common divisor of 805737 and 12989?
419
What is the highest common factor of 525519 and 72?
9
What is the greatest common factor of 944892 and 24?
12
What is the highest common factor of 259909 and 65?
13
What is the highest common divisor of 36 and 274554?
18
What is the greatest common divisor of 1115 and 10?
5
What is the highest common factor of 24 and 8412?
12
What is the highest common factor of 92 and 1215067?
23
What is the highest common divisor of 344560 and 1888?
944
What is the greatest common factor of 252 and 846?
18
Calculate the greatest common divisor of 525639 and 498.
249
Calculate the highest common factor of 1789 and 40.
1
What is the highest common factor of 10692 and 8580?
132
What is the greatest common factor of 84 and 3880506?
42
What is the greatest common factor of 2430 and 691335?
1215
What is the highest common divisor of 7276 and 321?
107
What is the greatest common factor of 1481 and 10723921?
1481
Calculate the greatest common divisor of 510 and 48705.
255
Calculate the greatest common factor of 6555 and 3705.
285
Calculate the greatest common factor of 180715 and 2115.
235
What is the greatest common factor of 25110 and 31155?
465
Calculate the greatest common factor of 67344 and 5124.
732
Calculate the highest common factor of 3277 and 69269.
113
Calculate the greatest common factor of 252 and 8001.
63
What is the highest common divisor of 9559 and 2133?
79
What is the greatest common factor of 7 and 2108862?
7
What is the highest common divisor of 54 and 446580?
54
Calculate the greatest common divisor of 855 and 9270.
45
Calculate the greatest common divisor of 2758 and 395576.
394
Calculate the highest common factor of 153 and 1503.
9
What is the greatest common factor of 5400 and 100575?
675
Calculate the highest common factor of 200 and 335.
5
What is the highest common factor of 48 and 960438?
6
Calculate the highest common factor of 99645 and 2145.
195
What is the highest common divisor of 56 and 18389?
7
What is the greatest common divisor of 6 and 100986?
6
Calculate the highest common divisor of 245 and 1022910.
35
What is the greatest common factor of 3441 and 77159?
31
Calculate the highest common divisor of 75 and 3141.
3
What is the greatest common divisor of 9912 and 336?
168
Calculate the greatest common factor of 59 and 2892711.
59
What is the greatest common factor of 445599 and 198?
99
What is the greatest common factor of 24735 and 55290?
1455
Calculate the highest common divisor of 209264 and 174.
58
What is the greatest common factor of 1508 and 1368916?
116
Calculate the highest common divisor of 2019417 and 543.
543
What is the greatest common factor of 180 and 6380?
20
Calculate the highest common divisor of 430033 and 214.
107
Calculate the highest common divisor of 9 and 153243.
9
Calculate the greatest common factor of 188097 and 15379.
1183
What is the greatest common factor of 40 and 4184?
8
What is the highest common divisor of 62 and 682?
62
Calculate the highest common divisor of 16 and 8616.
8
What is the highest common divisor of 300 and 51300?
300
Calculate the greatest common divisor of 3887085 and 1437.
1437
Calculate the greatest common divisor of 18843 and 7656.
33
Calculate the highest common divisor of 58 and 200854.
58
Calculate the greatest common factor of 15476 and 648.
4
What is the greatest common divisor of 5 and 148345?
5
What is the greatest common factor of 697 and 8433700?
697
What is the greatest common factor of 72 and 1552374?
18
What is the greatest common divisor of 1456 and 6328?
56
What is the greatest common divisor of 186090 and 1170?
30
Calculate the highest common divisor of 6 and 6782766.
6
What is the highest common factor of 18967 and 91?
13
Calculate the highest common divisor of 298 and 10181468.
298
What is the highest common divisor of 1547 and 1904?
119
Calculate the greatest common factor of 233204 and 15916.
692
What is the highest common divisor of 105908 and 66?
22
Calculate the highest common factor of 99 and 32901.
33
What is the greatest common divisor of 1144 and 68926?
286
Calculate the highest common factor of 19893 and 10887.
57
Calculate the highest common factor of 572 and 12727.
143
Calculate the highest common factor of 246 and 113242.
82
What is the highest common divisor of 8015 and 4340?
35
What is the highest common divisor of 30640 and 2048?
16
Calculate the greatest common factor of 336325 and 18700.
275
What is the greatest common divisor of 3608 and 1199?
11
Calculate the highest common factor of 3108341 and 43.
43
What is the highest common factor of 14 and 14000?
14
Calculate the highest common divisor of 86611 and 7.
7
Calculate the greatest common factor of 97755 and 1140.
285
Calculate the greatest common divisor of 1293 and 37066.
431
What is the highest common factor of 2340 and 102310?
130
Calculate the greatest common divisor of 1780 and 32574.
178
What is the highest common divisor of 174 and 56289?
87
What is the highest common divisor of 15525640 and 949?
949
What is the greatest common divisor of 3640106 and 1852?
926
Calculate the highest common factor of 2209 and 23453.
47
Calculate the greatest common factor of 387872 and 1472.
736
Calculate the highest common divisor of 4700 and 1900.
100
Calculate the greatest common divisor of 10750 and 516.
86
What is the highest common divisor of 135634 and 17651?
929
What is the greatest common factor of 33655 and 2540?
635
What is the greatest common divisor of 5130 and 49680?
270
What is the greatest common factor of 29 and 589454?
29
What is the greatest common divisor of 258 and 7091517?
129
What is the greatest common divisor of 5154 and 1086?
6
Calculate the greatest common divisor of 366 and 3662.
2
What is the greatest common factor of 15317 and 2120?
53
Calculate the highest commo